{"id":29309,"date":"2025-08-25T15:19:09","date_gmt":"2025-08-25T15:19:09","guid":{"rendered":"https:\/\/varisliticaret.com\/?post_type=product&#038;p=29309"},"modified":"2025-08-25T15:48:10","modified_gmt":"2025-08-25T15:48:10","slug":"denlaks-t-28-1","status":"publish","type":"product","link":"https:\/\/varisliticaret.com\/index.php\/urun\/denlaks-t-28-1\/","title":{"rendered":"Denlaks T-28\/1"},"content":{"rendered":"<p>Denlaks T 28, solvent bazl\u0131, \u00f6zel form\u00fclasyonla haz\u0131rlanm\u0131\u015f yap\u0131\u015ft\u0131rma g\u00fcc\u00fc y\u00fcksek, kullan\u0131ma haz\u0131r, polikloropren esasl\u0131 yap\u0131\u015ft\u0131r\u0131c\u0131d\u0131r.<\/p>\n<p>Kullan\u0131m alanlar\u0131:<\/p>\n<ul>\n<li>Ayakkab\u0131 imalat\u0131<\/li>\n<li>K\u00f6sele ve suni k\u00f6sele yap\u0131\u015ft\u0131rma<\/li>\n<li>Deri ve suni deri malzeme yap\u0131\u015ft\u0131rma<\/li>\n<li>Taban, saya, taban astar\u0131 yap\u0131\u015ft\u0131rma<\/li>\n<li>Vardola ve tekstil malzemelerinin yap\u0131\u015ft\u0131r\u0131lmas\u0131<\/li>\n<li>Saya haz\u0131rlama<\/li>\n<li>\u00d6k\u00e7e kaplama ve tespit<\/li>\n<li>Ara i\u015flerinde kullan\u0131m<\/li>\n<li>EVA taban ve EVA terlik imalat\u0131<\/li>\n<li>\u00c7anta, kemer ve saraciye imalat\u0131<\/li>\n<li>Depo ve tank i\u00e7i kau\u00e7uk kaplama<\/li>\n<li>Mobilyac\u0131l\u0131k ve marangoz i\u015fleri<\/li>\n<li>D\u00f6\u015femecilik<\/li>\n<li>\u0130n\u015faat sekt\u00f6r\u00fc<\/li>\n<li>Tekstil ve otomotiv end\u00fcstrileri<\/li>\n<\/ul>\n<p>\u00dcr\u00fcn \u00d6zellikler Ve Avantajlar\u0131:<\/p>\n<ul>\n<li>Esnek ve dayan\u0131kl\u0131 yap\u0131\u015ft\u0131rma sa\u011flar<\/li>\n<li>\u00c7e\u015fitli malzemelere m\u00fckemmel uyum<\/li>\n<li>H\u0131zl\u0131 kuruma s\u00fcresi<\/li>\n<li>Kullan\u0131m kolayl\u0131\u011f\u0131<\/li>\n<li>G\u00fcvenilir performans<\/li>\n<li><span style=\"font-size: medium;\"><span class=\"linksiyah10\"><span style=\"font-family: Arial;\"><span style=\"font-size: medium;\">Rengi: Sar\u0131 &#8211; Bal<\/span><\/span><\/span><\/span><\/li>\n<li><span style=\"font-size: medium;\"><span class=\"linksiyah10\"><span style=\"font-family: Arial;\"><span style=\"font-size: medium;\">Viskozite: 2500 \u00b1 250 cps (20 \u00b0C Brookfield)<\/span><\/span><\/span><\/span><\/li>\n<li><span style=\"font-size: medium;\"><span class=\"linksiyah10\"><span style=\"font-family: Arial;\"><span style=\"font-size: medium;\">Kuu maddesi: % 20.8 \u00b1 0.5<\/span><\/span><\/span><\/span><\/li>\n<li><span style=\"font-size: medium;\"><span class=\"linksiyah10\"><span style=\"font-family: Arial;\"><span style=\"font-size: medium;\">Kuruma s\u00fcresi: 20-30 dakika (Ortam s\u0131cakl\u0131\u011f\u0131na ba\u011fl\u0131d\u0131r)<\/span><\/span><\/span><\/span><\/li>\n<\/ul>\n<p><img fetchpriority=\"high\" decoding=\"async\" class=\"alignnone size-medium wp-image-29302\" src=\"https:\/\/varisliticaret.com\/wp-content\/uploads\/2025\/08\/Denlaks-T-28-toplu-377x300.jpeg\" alt=\"\" width=\"377\" height=\"300\" srcset=\"https:\/\/varisliticaret.com\/wp-content\/uploads\/2025\/08\/Denlaks-T-28-toplu-377x300.jpeg 377w, https:\/\/varisliticaret.com\/wp-content\/uploads\/2025\/08\/Denlaks-T-28-toplu-430x342.jpeg 430w, https:\/\/varisliticaret.com\/wp-content\/uploads\/2025\/08\/Denlaks-T-28-toplu-700x557.jpeg 700w, https:\/\/varisliticaret.com\/wp-content\/uploads\/2025\/08\/Denlaks-T-28-toplu-150x119.jpeg 150w, https:\/\/varisliticaret.com\/wp-content\/uploads\/2025\/08\/Denlaks-T-28-toplu.jpeg 722w\" sizes=\"(max-width: 377px) 100vw, 377px\" \/><\/p>\n","protected":false},"excerpt":{"rendered":"<p>Denlaks T 28, solvent bazl\u0131, \u00f6zel form\u00fclasyonla haz\u0131rlanm\u0131\u015f yap\u0131\u015ft\u0131rma g\u00fcc\u00fc y\u00fcksek, kullan\u0131ma haz\u0131r, polikloropren esasl\u0131 yap\u0131\u015ft\u0131r\u0131c\u0131d\u0131r. Kullan\u0131m alanlar\u0131: Ayakkab\u0131 imalat\u0131<\/p>\n","protected":false},"featured_media":29303,"comment_status":"open","ping_status":"closed","template":"","meta":[],"product_brand":[78],"product_cat":[75],"product_tag":[],"class_list":{"0":"post-29309","1":"product","2":"type-product","3":"status-publish","4":"has-post-thumbnail","6":"product_brand-denlaks","7":"product_cat-yapistiricilar","9":"first","10":"instock","11":"shipping-taxable","12":"product-type-simple"},"_links":{"self":[{"href":"https:\/\/varisliticaret.com\/index.php\/wp-json\/wp\/v2\/product\/29309","targetHints":{"allow":["GET"]}}],"collection":[{"href":"https:\/\/varisliticaret.com\/index.php\/wp-json\/wp\/v2\/product"}],"about":[{"href":"https:\/\/varisliticaret.com\/index.php\/wp-json\/wp\/v2\/types\/product"}],"replies":[{"embeddable":true,"href":"https:\/\/varisliticaret.com\/index.php\/wp-json\/wp\/v2\/comments?post=29309"}],"version-history":[{"count":2,"href":"https:\/\/varisliticaret.com\/index.php\/wp-json\/wp\/v2\/product\/29309\/revisions"}],"predecessor-version":[{"id":29326,"href":"https:\/\/varisliticaret.com\/index.php\/wp-json\/wp\/v2\/product\/29309\/revisions\/29326"}],"wp:featuredmedia":[{"embeddable":true,"href":"https:\/\/varisliticaret.com\/index.php\/wp-json\/wp\/v2\/media\/29303"}],"wp:attachment":[{"href":"https:\/\/varisliticaret.com\/index.php\/wp-json\/wp\/v2\/media?parent=29309"}],"wp:term":[{"taxonomy":"product_brand","embeddable":true,"href":"https:\/\/varisliticaret.com\/index.php\/wp-json\/wp\/v2\/product_brand?post=29309"},{"taxonomy":"product_cat","embeddable":true,"href":"https:\/\/varisliticaret.com\/index.php\/wp-json\/wp\/v2\/product_cat?post=29309"},{"taxonomy":"product_tag","embeddable":true,"href":"https:\/\/varisliticaret.com\/index.php\/wp-json\/wp\/v2\/product_tag?post=29309"}],"curies":[{"name":"wp","href":"https:\/\/api.w.org\/{rel}","templated":true}]}}